{"id":10,"date":"2025-01-27T13:53:36","date_gmt":"2025-01-27T13:53:36","guid":{"rendered":"https:\/\/chateaudesfougeres.fr\/?page_id=10"},"modified":"2025-02-07T10:39:03","modified_gmt":"2025-02-07T10:39:03","slug":"contact","status":"publish","type":"page","link":"https:\/\/chateaudesfougeres.fr\/index.php\/contact\/","title":{"rendered":"CONTACT"},"content":{"rendered":"\n<p><\/p>\n\n\n\n<div class=\"wp-block-columns is-layout-flex wp-container-core-columns-is-layout-28f84493 wp-block-columns-is-layout-flex\">\n<div class=\"wp-block-column is-layout-flow wp-block-column-is-layout-flow\">\n<p class=\"has-text-align-right\"><strong>CONTACT <\/strong><\/p>\n<\/div>\n\n\n\n<div class=\"wp-block-column is-layout-flow wp-block-column-is-layout-flow\">\n<figure class=\"wp-block-image size-large is-resized\"><img loading=\"lazy\" decoding=\"async\" width=\"1024\" height=\"1024\" src=\"https:\/\/chateaudesfougeres.fr\/wp-content\/uploads\/2025\/01\/2024-CDF-RS-1024x1024.png\" alt=\"contact\" class=\"wp-image-96\" style=\"width:38px;height:auto\" srcset=\"https:\/\/chateaudesfougeres.fr\/wp-content\/uploads\/2025\/01\/2024-CDF-RS-1024x1024.png 1024w, https:\/\/chateaudesfougeres.fr\/wp-content\/uploads\/2025\/01\/2024-CDF-RS-300x300.png 300w, https:\/\/chateaudesfougeres.fr\/wp-content\/uploads\/2025\/01\/2024-CDF-RS-150x150.png 150w, https:\/\/chateaudesfougeres.fr\/wp-content\/uploads\/2025\/01\/2024-CDF-RS-768x768.png 768w, https:\/\/chateaudesfougeres.fr\/wp-content\/uploads\/2025\/01\/2024-CDF-RS.png 1080w\" sizes=\"auto, (max-width: 1024px) 100vw, 1024px\" \/><\/figure>\n<\/div>\n<\/div>\n\n\n\n<p><br>Si vous souhaitez obtenir plus d\u2019informations sur nos vins, vous pouvez nous contacter aux coordonn\u00e9es indiqu\u00e9es ci-dessous ou bien nous envoyer un message via le formulaire disponible en bas de page.\u00a0<\/p>\n\n\n\n<p>SC CH\u00c2TEAU DES FOUG\u00c8RES \u2013 CLOS MONTESQUIEU<br>CH\u00c2TEAU DES FOUG\u00c8RES<br>BP 90009<br>33651 LA BR\u00c8DE CEDEX<br>T\u00e9l :&nbsp;+33 (0)5 58 51 08 68 | Fax : +33 (0)1 46 52 54 70<\/p>\n\n\n\n<div class=\"wp-block-contact-form-7-contact-form-selector\">\n<div class=\"wpcf7 no-js\" id=\"wpcf7-f6-o1\" lang=\"fr-FR\" dir=\"ltr\" data-wpcf7-id=\"6\">\n<div class=\"screen-reader-response\"><p role=\"status\" aria-live=\"polite\" aria-atomic=\"true\"><\/p> <ul><\/ul><\/div>\n<form action=\"\/index.php\/wp-json\/wp\/v2\/pages\/10#wpcf7-f6-o1\" method=\"post\" class=\"wpcf7-form init\" aria-label=\"Formulaire de contact\" novalidate=\"novalidate\" data-status=\"init\">\n<fieldset class=\"hidden-fields-container\"><input type=\"hidden\" name=\"_wpcf7\" value=\"6\" \/><input type=\"hidden\" name=\"_wpcf7_version\" value=\"6.1.4\" \/><input type=\"hidden\" name=\"_wpcf7_locale\" value=\"fr_FR\" \/><input type=\"hidden\" name=\"_wpcf7_unit_tag\" value=\"wpcf7-f6-o1\" \/><input type=\"hidden\" name=\"_wpcf7_container_post\" value=\"0\" \/><input type=\"hidden\" name=\"_wpcf7_posted_data_hash\" value=\"\" \/>\n<\/fieldset>\n<p><label> Votre nom<br \/>\n<span class=\"wpcf7-form-control-wrap\" data-name=\"your-name\"><input size=\"40\" maxlength=\"400\" class=\"wpcf7-form-control wpcf7-text wpcf7-validates-as-required\" autocomplete=\"name\" aria-required=\"true\" aria-invalid=\"false\" value=\"\" type=\"text\" name=\"your-name\" \/><\/span> <\/label>\n<\/p>\n<p><label> Votre e-mail<br \/>\n<span class=\"wpcf7-form-control-wrap\" data-name=\"your-email\"><input size=\"40\" maxlength=\"400\" class=\"wpcf7-form-control wpcf7-email wpcf7-validates-as-required wpcf7-text wpcf7-validates-as-email\" autocomplete=\"email\" aria-required=\"true\" aria-invalid=\"false\" value=\"\" type=\"email\" name=\"your-email\" \/><\/span> <\/label>\n<\/p>\n<p><label> Sujet<br \/>\n<span class=\"wpcf7-form-control-wrap\" data-name=\"your-subject\"><input size=\"40\" maxlength=\"400\" class=\"wpcf7-form-control wpcf7-text wpcf7-validates-as-required\" aria-required=\"true\" aria-invalid=\"false\" value=\"\" type=\"text\" name=\"your-subject\" \/><\/span> <\/label>\n<\/p>\n<p><label> Votre message (facultatif)<br \/>\n<span class=\"wpcf7-form-control-wrap\" data-name=\"your-message\"><textarea cols=\"40\" rows=\"10\" maxlength=\"2000\" class=\"wpcf7-form-control wpcf7-textarea\" aria-invalid=\"false\" name=\"your-message\"><\/textarea><\/span> <\/label>\n<\/p>\n<p><span class=\"wpcf7-form-control-wrap\" data-name=\"checkbox-954\"><span class=\"wpcf7-form-control wpcf7-checkbox wpcf7-validates-as-required\"><span class=\"wpcf7-list-item first last\"><label><input type=\"checkbox\" name=\"checkbox-954[]\" value=\"J&#039;ai lu et j&#039;accepte les termes de votre charte de confidentialit\u00e9 et je donne mon accord pour le traitement par SC CH\u00c2TEAU DES FOUG\u00c8RES \u2013 CLOS MONTESQUIEU de ces donn\u00e9es personnelles saisies sur ce formulaire.\" \/><span class=\"wpcf7-list-item-label\">J&#039;ai lu et j&#039;accepte les termes de votre charte de confidentialit\u00e9 et je donne mon accord pour le traitement par SC CH\u00c2TEAU DES FOUG\u00c8RES \u2013 CLOS MONTESQUIEU de ces donn\u00e9es personnelles saisies sur ce formulaire.<\/span><\/label><\/span><\/span><\/span>\n<\/p>\n<p><span class=\"wpcf7-form-control-wrap\" data-name=\"checkbox-751\"><span class=\"wpcf7-form-control wpcf7-checkbox\"><span class=\"wpcf7-list-item first last\"><label><input type=\"checkbox\" name=\"checkbox-751[]\" value=\"J&#039;aimerais m&#039;inscrire \u00e0 la newsletter du Ch\u00e2teau des Foug\u00e8res.\" \/><span class=\"wpcf7-list-item-label\">J&#039;aimerais m&#039;inscrire \u00e0 la newsletter du Ch\u00e2teau des Foug\u00e8res.<\/span><\/label><\/span><\/span><\/span>\n<\/p>\n<p><input class=\"wpcf7-form-control wpcf7-submit has-spinner\" type=\"submit\" value=\"Envoyer\" \/>\n<\/p><div class=\"wpcf7-response-output\" aria-hidden=\"true\"><\/div>\n<\/form>\n<\/div>\n<\/div>\n\n\n\n<p>Les donn\u00e9es entr\u00e9es en compl\u00e9tant ce formulaire restent votre propri\u00e9t\u00e9 personnelle sur laquelle vous avez des droits indiqu\u00e9s par les lois en vigueur sur la protection des donn\u00e9es.<br>Afin de pouvoir traiter votre demande nous avons besoin de votre accord.<br>Consulter notre charte de confidentialit\u00e9 sur la protection des<br>donn\u00e9es personnelles :&nbsp;<strong><a href=\"https:\/\/chateaudesfougeres.fr\/index.php\/charte-de-protection-des-donnees-personnelles\/\" target=\"_blank\" rel=\"noreferrer noopener\">CHARTE DE PROTECTION DES DONN\u00c9ES PERSONNELLES<\/a><\/strong><br><br>Ces informations sont exclusivement destin\u00e9es \u00e0 notre soci\u00e9t\u00e9: elles seront conserv\u00e9es pendant trois ans. Vous pourrez \u00e0 tout moment exercer vos droits d\u2019acc\u00e8s, de rectification et modification, de limitation, de suppression de vos donn\u00e9es en contactant notre soci\u00e9t\u00e9 :<\/p>\n\n\n\n<ul class=\"wp-block-list\">\n<li>par mail : contact@chateaudesfougeres.fr<\/li>\n\n\n\n<li>par courrier : SC CH\u00c2TEAU DES FOUG\u00c8RES \u2013 CLOS MONTESQUIEU, CH\u00c2TEAU DES FOUG\u00c8RES, BP 90009, 33651 LA BR\u00c8DE CEDEX en joignant une pi\u00e8ce d\u2019identit\u00e9<\/li>\n<\/ul>\n\n\n\n<p class=\"has-background-color has-text-color has-link-color wp-elements-712a0f488f1ad1eea61ae1ec78b0a40e\"><a href=\"https:\/\/www.twil.fr\/twilsearch\/preview\/?q=chateau+des+fougeres\">r<\/a>f h h h h  h h h  h h h h  h h h h  h h h h  h h h h  h h h h h hh h h h  hh h h h h h h h h h h  hh h h h  hh<\/p>\n","protected":false},"excerpt":{"rendered":"<p>CONTACT Si vous souhaitez obtenir plus d\u2019informations sur nos vins, vous pouvez nous contacter aux coordonn\u00e9es indiqu\u00e9es ci-dessous ou bien nous envoyer un message via le formulaire disponible en bas de page.\u00a0 SC CH\u00c2TEAU DES FOUG\u00c8RES \u2013 CLOS MONTESQUIEUCH\u00c2TEAU DES FOUG\u00c8RESBP 9000933651 LA BR\u00c8DE CEDEXT\u00e9l :&nbsp;+33 (0)5 58 51 08 68 | Fax : +33 [&hellip;]<\/p>\n","protected":false},"author":1,"featured_media":0,"parent":0,"menu_order":0,"comment_status":"closed","ping_status":"closed","template":"","meta":{"footnotes":""},"class_list":["post-10","page","type-page","status-publish","hentry"],"yoast_head":"<!-- This site is optimized with the Yoast SEO plugin v26.7 - https:\/\/yoast.com\/wordpress\/plugins\/seo\/ -->\n<title>CONTACT - Le Ch\u00e2teau des Foug\u00e8res Clos Montesquieu<\/title>\n<meta name=\"description\" content=\"Vous voulez contacter le Ch\u00e2teau des Foug\u00e8res ? Contactez nous en remplissant notre formulaire de contact.\" \/>\n<meta name=\"robots\" content=\"index, follow, max-snippet:-1, max-image-preview:large, max-video-preview:-1\" \/>\n<link rel=\"canonical\" href=\"https:\/\/chateaudesfougeres.fr\/index.php\/contact\/\" \/>\n<meta property=\"og:locale\" content=\"fr_FR\" \/>\n<meta property=\"og:type\" content=\"article\" \/>\n<meta property=\"og:title\" content=\"CONTACT - Le Ch\u00e2teau des Foug\u00e8res Clos Montesquieu\" \/>\n<meta property=\"og:description\" content=\"Vous voulez contacter le Ch\u00e2teau des Foug\u00e8res ? Contactez nous en remplissant notre formulaire de contact.\" \/>\n<meta property=\"og:url\" content=\"https:\/\/chateaudesfougeres.fr\/index.php\/contact\/\" \/>\n<meta property=\"og:site_name\" content=\"Le Ch\u00e2teau des Foug\u00e8res Clos Montesquieu\" \/>\n<meta property=\"article:modified_time\" content=\"2025-02-07T10:39:03+00:00\" \/>\n<meta property=\"og:image\" content=\"https:\/\/chateaudesfougeres.fr\/wp-content\/uploads\/2025\/01\/2024-CDF-RS.png\" \/>\n\t<meta property=\"og:image:width\" content=\"1080\" \/>\n\t<meta property=\"og:image:height\" content=\"1080\" \/>\n\t<meta property=\"og:image:type\" content=\"image\/png\" \/>\n<meta name=\"twitter:card\" content=\"summary_large_image\" \/>\n<meta name=\"twitter:label1\" content=\"Dur\u00e9e de lecture estim\u00e9e\" \/>\n\t<meta name=\"twitter:data1\" content=\"2 minutes\" \/>\n<script type=\"application\/ld+json\" class=\"yoast-schema-graph\">{\"@context\":\"https:\/\/schema.org\",\"@graph\":[{\"@type\":\"WebPage\",\"@id\":\"https:\/\/chateaudesfougeres.fr\/index.php\/contact\/\",\"url\":\"https:\/\/chateaudesfougeres.fr\/index.php\/contact\/\",\"name\":\"CONTACT - Le Ch\u00e2teau des Foug\u00e8res Clos Montesquieu\",\"isPartOf\":{\"@id\":\"https:\/\/chateaudesfougeres.fr\/#website\"},\"primaryImageOfPage\":{\"@id\":\"https:\/\/chateaudesfougeres.fr\/index.php\/contact\/#primaryimage\"},\"image\":{\"@id\":\"https:\/\/chateaudesfougeres.fr\/index.php\/contact\/#primaryimage\"},\"thumbnailUrl\":\"https:\/\/chateaudesfougeres.fr\/wp-content\/uploads\/2025\/01\/2024-CDF-RS-1024x1024.png\",\"datePublished\":\"2025-01-27T13:53:36+00:00\",\"dateModified\":\"2025-02-07T10:39:03+00:00\",\"description\":\"Vous voulez contacter le Ch\u00e2teau des Foug\u00e8res ? Contactez nous en remplissant notre formulaire de contact.\",\"breadcrumb\":{\"@id\":\"https:\/\/chateaudesfougeres.fr\/index.php\/contact\/#breadcrumb\"},\"inLanguage\":\"fr-FR\",\"potentialAction\":[{\"@type\":\"ReadAction\",\"target\":[\"https:\/\/chateaudesfougeres.fr\/index.php\/contact\/\"]}]},{\"@type\":\"ImageObject\",\"inLanguage\":\"fr-FR\",\"@id\":\"https:\/\/chateaudesfougeres.fr\/index.php\/contact\/#primaryimage\",\"url\":\"https:\/\/chateaudesfougeres.fr\/wp-content\/uploads\/2025\/01\/2024-CDF-RS.png\",\"contentUrl\":\"https:\/\/chateaudesfougeres.fr\/wp-content\/uploads\/2025\/01\/2024-CDF-RS.png\",\"width\":1080,\"height\":1080,\"caption\":\"contact\"},{\"@type\":\"BreadcrumbList\",\"@id\":\"https:\/\/chateaudesfougeres.fr\/index.php\/contact\/#breadcrumb\",\"itemListElement\":[{\"@type\":\"ListItem\",\"position\":1,\"name\":\"Accueil\",\"item\":\"https:\/\/chateaudesfougeres.fr\/\"},{\"@type\":\"ListItem\",\"position\":2,\"name\":\"CONTACT\"}]},{\"@type\":\"WebSite\",\"@id\":\"https:\/\/chateaudesfougeres.fr\/#website\",\"url\":\"https:\/\/chateaudesfougeres.fr\/\",\"name\":\"CH\u00c2TEAU DES FOUG\u00c8RES\",\"description\":\"\",\"publisher\":{\"@id\":\"https:\/\/chateaudesfougeres.fr\/#organization\"},\"potentialAction\":[{\"@type\":\"SearchAction\",\"target\":{\"@type\":\"EntryPoint\",\"urlTemplate\":\"https:\/\/chateaudesfougeres.fr\/?s={search_term_string}\"},\"query-input\":{\"@type\":\"PropertyValueSpecification\",\"valueRequired\":true,\"valueName\":\"search_term_string\"}}],\"inLanguage\":\"fr-FR\"},{\"@type\":\"Organization\",\"@id\":\"https:\/\/chateaudesfougeres.fr\/#organization\",\"name\":\"CH\u00c2TEAU DES FOUG\u00c8RES\",\"url\":\"https:\/\/chateaudesfougeres.fr\/\",\"logo\":{\"@type\":\"ImageObject\",\"inLanguage\":\"fr-FR\",\"@id\":\"https:\/\/chateaudesfougeres.fr\/#\/schema\/logo\/image\/\",\"url\":\"https:\/\/chateaudesfougeres.fr\/wp-content\/uploads\/2025\/01\/BLASON-CDF-2021-DORE-BLANC-2.png\",\"contentUrl\":\"https:\/\/chateaudesfougeres.fr\/wp-content\/uploads\/2025\/01\/BLASON-CDF-2021-DORE-BLANC-2.png\",\"width\":3576,\"height\":2495,\"caption\":\"CH\u00c2TEAU DES FOUG\u00c8RES\"},\"image\":{\"@id\":\"https:\/\/chateaudesfougeres.fr\/#\/schema\/logo\/image\/\"},\"sameAs\":[\"https:\/\/www.linkedin.com\/company\/chateau-des-fougeres-clos-montesquieu\/?viewAsMember=true\",\"https:\/\/www.instagram.com\/chateau_des_fougeres\/\"]}]}<\/script>\n<!-- \/ Yoast SEO plugin. -->","yoast_head_json":{"title":"CONTACT - Le Ch\u00e2teau des Foug\u00e8res Clos Montesquieu","description":"Vous voulez contacter le Ch\u00e2teau des Foug\u00e8res ? Contactez nous en remplissant notre formulaire de contact.","robots":{"index":"index","follow":"follow","max-snippet":"max-snippet:-1","max-image-preview":"max-image-preview:large","max-video-preview":"max-video-preview:-1"},"canonical":"https:\/\/chateaudesfougeres.fr\/index.php\/contact\/","og_locale":"fr_FR","og_type":"article","og_title":"CONTACT - Le Ch\u00e2teau des Foug\u00e8res Clos Montesquieu","og_description":"Vous voulez contacter le Ch\u00e2teau des Foug\u00e8res ? Contactez nous en remplissant notre formulaire de contact.","og_url":"https:\/\/chateaudesfougeres.fr\/index.php\/contact\/","og_site_name":"Le Ch\u00e2teau des Foug\u00e8res Clos Montesquieu","article_modified_time":"2025-02-07T10:39:03+00:00","og_image":[{"width":1080,"height":1080,"url":"https:\/\/chateaudesfougeres.fr\/wp-content\/uploads\/2025\/01\/2024-CDF-RS.png","type":"image\/png"}],"twitter_card":"summary_large_image","twitter_misc":{"Dur\u00e9e de lecture estim\u00e9e":"2 minutes"},"schema":{"@context":"https:\/\/schema.org","@graph":[{"@type":"WebPage","@id":"https:\/\/chateaudesfougeres.fr\/index.php\/contact\/","url":"https:\/\/chateaudesfougeres.fr\/index.php\/contact\/","name":"CONTACT - Le Ch\u00e2teau des Foug\u00e8res Clos Montesquieu","isPartOf":{"@id":"https:\/\/chateaudesfougeres.fr\/#website"},"primaryImageOfPage":{"@id":"https:\/\/chateaudesfougeres.fr\/index.php\/contact\/#primaryimage"},"image":{"@id":"https:\/\/chateaudesfougeres.fr\/index.php\/contact\/#primaryimage"},"thumbnailUrl":"https:\/\/chateaudesfougeres.fr\/wp-content\/uploads\/2025\/01\/2024-CDF-RS-1024x1024.png","datePublished":"2025-01-27T13:53:36+00:00","dateModified":"2025-02-07T10:39:03+00:00","description":"Vous voulez contacter le Ch\u00e2teau des Foug\u00e8res ? Contactez nous en remplissant notre formulaire de contact.","breadcrumb":{"@id":"https:\/\/chateaudesfougeres.fr\/index.php\/contact\/#breadcrumb"},"inLanguage":"fr-FR","potentialAction":[{"@type":"ReadAction","target":["https:\/\/chateaudesfougeres.fr\/index.php\/contact\/"]}]},{"@type":"ImageObject","inLanguage":"fr-FR","@id":"https:\/\/chateaudesfougeres.fr\/index.php\/contact\/#primaryimage","url":"https:\/\/chateaudesfougeres.fr\/wp-content\/uploads\/2025\/01\/2024-CDF-RS.png","contentUrl":"https:\/\/chateaudesfougeres.fr\/wp-content\/uploads\/2025\/01\/2024-CDF-RS.png","width":1080,"height":1080,"caption":"contact"},{"@type":"BreadcrumbList","@id":"https:\/\/chateaudesfougeres.fr\/index.php\/contact\/#breadcrumb","itemListElement":[{"@type":"ListItem","position":1,"name":"Accueil","item":"https:\/\/chateaudesfougeres.fr\/"},{"@type":"ListItem","position":2,"name":"CONTACT"}]},{"@type":"WebSite","@id":"https:\/\/chateaudesfougeres.fr\/#website","url":"https:\/\/chateaudesfougeres.fr\/","name":"CH\u00c2TEAU DES FOUG\u00c8RES","description":"","publisher":{"@id":"https:\/\/chateaudesfougeres.fr\/#organization"},"potentialAction":[{"@type":"SearchAction","target":{"@type":"EntryPoint","urlTemplate":"https:\/\/chateaudesfougeres.fr\/?s={search_term_string}"},"query-input":{"@type":"PropertyValueSpecification","valueRequired":true,"valueName":"search_term_string"}}],"inLanguage":"fr-FR"},{"@type":"Organization","@id":"https:\/\/chateaudesfougeres.fr\/#organization","name":"CH\u00c2TEAU DES FOUG\u00c8RES","url":"https:\/\/chateaudesfougeres.fr\/","logo":{"@type":"ImageObject","inLanguage":"fr-FR","@id":"https:\/\/chateaudesfougeres.fr\/#\/schema\/logo\/image\/","url":"https:\/\/chateaudesfougeres.fr\/wp-content\/uploads\/2025\/01\/BLASON-CDF-2021-DORE-BLANC-2.png","contentUrl":"https:\/\/chateaudesfougeres.fr\/wp-content\/uploads\/2025\/01\/BLASON-CDF-2021-DORE-BLANC-2.png","width":3576,"height":2495,"caption":"CH\u00c2TEAU DES FOUG\u00c8RES"},"image":{"@id":"https:\/\/chateaudesfougeres.fr\/#\/schema\/logo\/image\/"},"sameAs":["https:\/\/www.linkedin.com\/company\/chateau-des-fougeres-clos-montesquieu\/?viewAsMember=true","https:\/\/www.instagram.com\/chateau_des_fougeres\/"]}]}},"_links":{"self":[{"href":"https:\/\/chateaudesfougeres.fr\/index.php\/wp-json\/wp\/v2\/pages\/10","targetHints":{"allow":["GET"]}}],"collection":[{"href":"https:\/\/chateaudesfougeres.fr\/index.php\/wp-json\/wp\/v2\/pages"}],"about":[{"href":"https:\/\/chateaudesfougeres.fr\/index.php\/wp-json\/wp\/v2\/types\/page"}],"author":[{"embeddable":true,"href":"https:\/\/chateaudesfougeres.fr\/index.php\/wp-json\/wp\/v2\/users\/1"}],"replies":[{"embeddable":true,"href":"https:\/\/chateaudesfougeres.fr\/index.php\/wp-json\/wp\/v2\/comments?post=10"}],"version-history":[{"count":7,"href":"https:\/\/chateaudesfougeres.fr\/index.php\/wp-json\/wp\/v2\/pages\/10\/revisions"}],"predecessor-version":[{"id":101,"href":"https:\/\/chateaudesfougeres.fr\/index.php\/wp-json\/wp\/v2\/pages\/10\/revisions\/101"}],"wp:attachment":[{"href":"https:\/\/chateaudesfougeres.fr\/index.php\/wp-json\/wp\/v2\/media?parent=10"}],"curies":[{"name":"wp","href":"https:\/\/api.w.org\/{rel}","templated":true}]}}